{"id":406,"date":"2018-09-08T22:45:26","date_gmt":"2018-09-08T20:45:26","guid":{"rendered":"http:\/\/zalepsiobec.eu\/?page_id=406"},"modified":"2018-09-17T08:37:07","modified_gmt":"2018-09-17T06:37:07","slug":"vime-jak-dal-a-chceme","status":"publish","type":"page","link":"http:\/\/zalepsiobec.eu\/?page_id=406","title":{"rendered":"\u2026v\u00edme jak d\u00e1l a chceme"},"content":{"rendered":"<h3>1. Neust\u00e1le zlep\u0161ov\u00e1n\u00ed komunikace obce s ob\u010dany<\/h3>\n<ul>\n<li>Roz\u0161i\u0159ov\u00e1n\u00ed modern\u00edch komunika\u010dn\u00edch kan\u00e1l\u016f.<\/li>\n<li>Podpora spolku PaskovNet a roz\u0161i\u0159ov\u00e1n\u00ed ve\u0159ejn\u00e9ho internetov\u00e9ho p\u0159ipojen\u00ed.<\/li>\n<li>Pokra\u010dov\u00e1n\u00ed ve finan\u010dn\u00edch darech ob\u010dan\u016fm ve vztahu k dani z nemovitost\u00ed.<\/li>\n<li>Zav\u00e1d\u011bn\u00ed princip\u016f<span style=\"color: #000080;\"><em> <span class=\"tooltips \" style=\"\" title=\"&lt;span class=&quot; UFICommentActorAndBody&quot;&gt; &lt;span class=&quot;UFICommentBody _1n4g&quot;&gt;SMART City je koncept, kter\u00fd vyu\u017e\u00edv\u00e1 digit\u00e1ln\u00ed, informa\u010dn\u00ed a komunika\u010dn\u00ed technologie pro zv\u00fd\u0161en\u00ed kvality \u017eivota ve m\u011bstech. Moravskoslezsk\u00fd kraj je v \u010cR prvn\u00edm krajem, kter\u00fd se SMART City konceptu v\u011bnuje. V Ostrav\u011b se m\u016f\u017eete setkat s bezkontaktn\u00edmi termin\u00e1ly v MHD nebo inteligentn\u00edmi zast\u00e1vkami s WiFi sign\u00e1lem, kter\u00e9 jsou v\u00fdsledkem SMART City. V Paskov\u011b se m\u016f\u017eete s &quot;chytrou&quot; lavi\u010dkou potkat u br\u00e1ny do z\u00e1meck\u00e9ho parku.&lt;\/span&gt;&lt;\/span&gt;\">SMART City<\/span>.<\/em><\/span><\/li>\n<\/ul>\n<h3>2. Zv\u00fd\u0161en\u00ed bezpe\u010dnosti v obci Paskov a Oprechtice<\/h3>\n<ul>\n<li>Pokra\u010dov\u00e1n\u00ed ve spolupr\u00e1ci s M\u011b Polici\u00ed FM &#8211; pomoc u p\u0159echod\u016f, monitoring Paskova a Oprechtic.<\/li>\n<li>Prosazov\u00e1n\u00ed m\u011b\u0159en\u00fdch dopravn\u00edch \u00fasek\u016f, roz\u0161i\u0159ov\u00e1n\u00ed dohledov\u00e9ho kamerov\u00e9ho syst\u00e9mu.<\/li>\n<li>Pokra\u010dovat v bezplatn\u00fdch <span style=\"color: #000080;\"><em><span class=\"tooltips \" style=\"\" title=\"&lt;span class=&quot; UFICommentActorAndBody&quot;&gt; &lt;span class=&quot;UFICommentBody&quot;&gt;V zasedac\u00ed m\u00edstnosti M\u011b\u00da Paskov je ve vybran\u00fdch term\u00ednech p\u0159\u00edtomen advok\u00e1t, kter\u00fd bezplatn\u011b poskytuje pr\u00e1vn\u00ed poradenstv\u00ed ob\u010dan\u016fm m\u011bsta Paskov&lt;\/span&gt;&lt;\/span&gt; a Oprechtic.\">poradensk\u00fdch pr\u00e1vn\u00edch slu\u017eb\u00e1ch<\/span><\/em><\/span> ob\u010dan\u016fm.<\/li>\n<li>Rekonstrukce a roz\u0161i\u0159ov\u00e1n\u00ed ve\u0159ejn\u00e9ho osv\u011btlen\u00ed.<\/li>\n<\/ul>\n<h3>3. Podpora a zaji\u0161t\u011bn\u00ed kvalitn\u00edho vzd\u011bl\u00e1v\u00e1n\u00ed pro d\u011bti, ale i ostatn\u00ed generace<\/h3>\n<ul>\n<li>Spolupr\u00e1ce p\u0159i p\u0159\u00edprav\u011b \u0161kol a \u0161kolek v p\u0159\u00edrod\u011b, podpora roz\u0161\u00ed\u0159en\u00e9 v\u00fduky jazyk\u016f.<\/li>\n<li>Rozvoj vzd\u011bl\u00e1v\u00e1n\u00ed s podporou zam\u011b\u0159en\u00ed M\u0160 a Z\u0160 na konkr\u00e9tn\u00ed specializace.<\/li>\n<li>\u0160kolen\u00ed a kurzy pro v\u0161echny v\u011bkov\u00e9 kategorie.<\/li>\n<\/ul>\n<h3>4. Rozvoj a investice do centra zdravotnick\u00fdch slu\u017eeb a zdrav. person\u00e1lu<\/h3>\n<ul>\n<li>Udr\u017een\u00ed a roz\u0161\u00ed\u0159en\u00ed kvalitn\u00edch l\u00e9ka\u0159sk\u00fdch a zdravotnick\u00fdch slu\u017eeb v\u00a0obci.<\/li>\n<li>Podpora l\u00e9ka\u0159\u016f a zdravotnick\u00e9ho person\u00e1lu do l\u00e9ka\u0159sk\u00fdch a zdravotnick\u00fdch za\u0159\u00edzen\u00ed.<\/li>\n<\/ul>\n<h3>5. P\u00e9\u010de o \u017eivotn\u00ed prost\u0159ed\u00ed<\/h3>\n<ul>\n<li>Roz\u0161i\u0159ov\u00e1n\u00ed kanaliza\u010dn\u00ed s\u00edt\u011b v obci a jejich okrajov\u00fdch \u010d\u00e1stech, p\u0159esun \u010cOV do are\u00e1lu OKD.<\/li>\n<li>Roz\u0161\u00ed\u0159en\u00ed slu\u017eeb sb\u011brn\u00e9ho dvora, zamezit \u010dern\u00fdm skl\u00e1dk\u00e1m.<\/li>\n<li>Zaji\u0161t\u011bn\u00ed kompost\u00e9r\u016f pro dom\u00e1cnosti a roz\u0161\u00ed\u0159en\u00ed sez\u00f3nn\u00edch kontejner\u016f na bio odpad.<\/li>\n<li>Vybudov\u00e1n\u00ed a estetick\u00e9 vy\u0159e\u0161en\u00ed prostor\u016f pro kontejnery na t\u0159\u00edd\u011bn\u00ed odpadu.<\/li>\n<li>Prosazov\u00e1n\u00ed v\u00fdstavby protihlukov\u00e9 st\u011bny kolem rychlostn\u00ed silnice D56 (d\u00e1lnice).<\/li>\n<\/ul>\n<h3>6. Zapojen\u00ed a vyu\u017e\u00edv\u00e1n\u00ed slu\u017eeb m\u00edstn\u00edch firem p\u0159i investic\u00edch a \u010dinnosti obce<\/h3>\n<ul>\n<li>Informovat o podpor\u00e1ch a dotac\u00edch pro m\u00edstn\u00ed firmy a \u017eivnostn\u00edky, v\u010d. semin\u00e1\u0159\u016f k\u00a0z\u00edsk\u00e1n\u00ed dotac\u00ed.<\/li>\n<li>Maxim\u00e1ln\u00ed zp\u0159\u00edstupn\u011bn\u00ed informac\u00ed o ve\u0159ejn\u00fdch zak\u00e1zk\u00e1ch m\u00edstn\u00edm firm\u00e1m a \u017eivnostn\u00edk\u016fm.<\/li>\n<li>Podpora a vyu\u017e\u00edv\u00e1n\u00ed prac\u00ed a slu\u017eeb m\u00edstn\u00edch firem a \u017eivnostn\u00edk\u016f.<\/li>\n<\/ul>\n<h3>7. Podpora z\u00e1jmov\u00fdch, sportovn\u00edch a kulturn\u00edch aktivit<\/h3>\n<ul>\n<li>Vybudov\u00e1n\u00ed fotbalov\u00e9ho h\u0159i\u0161t\u011b v\u00a0Paskov\u011b.<\/li>\n<li>Vytvo\u0159en\u00ed dal\u0161\u00edho travnat\u00e9ho h\u0159i\u0161t\u011b pro rekrea\u010dn\u00ed m\u00ed\u010dov\u00e9 hry.<\/li>\n<li>Podpora v\u0161ech spolkov\u00fdch a sportovn\u00edch \u010dinnost\u00ed v obci v\u010d. nov\u011b vznikaj\u00edc\u00edch.<\/li>\n<li>Pokra\u010dovat v rozvoji kulturn\u00edch aktivit v kin\u011b Panorama Paskov.<\/li>\n<\/ul>\n<h3>8. Ve\u0159ejn\u00e9 zak\u00e1zky &#8211; zlep\u0161en\u00ed informovanosti, odpov\u011bdn\u00e9 hospoda\u0159en\u00ed<\/h3>\n<ul>\n<li>Maxim\u00e1ln\u00ed zp\u0159\u00edstupn\u011bn\u00ed informac\u00ed o pr\u016fb\u011bhu ve\u0159ejn\u00fdch zak\u00e1zek.<\/li>\n<li>Neust\u00e1l\u00e9 udr\u017eov\u00e1n\u00ed a zhodnocov\u00e1n\u00ed majetku m\u011bsta.<\/li>\n<li>Hledat nov\u00e9 zdroje mo\u017en\u00e9ho financov\u00e1n\u00ed m\u011bsta.<\/li>\n<\/ul>\n<h3>9. Bytov\u00e1 problematika<\/h3>\n<ul>\n<li>Rychl\u00e9 dokon\u010den\u00ed v\u00fdstavby bydlen\u00ed pro seniory a hled\u00e1n\u00ed mo\u017enosti roz\u0161\u00ed\u0159en\u00ed bydlen\u00ed ve m\u011bst\u011b Paskov.<\/li>\n<li>V\u00fdstavba nov\u00fdch \u010di rekonstrukce st\u00e1vaj\u00edc\u00edch soci\u00e1ln\u00edch \u201cstartovac\u00edch byt\u016f\u201c pro mlad\u00e9 rodiny.<\/li>\n<li>Podpora p\u0159i zas\u00ed\u0165ov\u00e1n\u00ed nov\u00fdch pozemk\u016f pro v\u00fdstavbu bydlen\u00ed.<\/li>\n<li>Znovuobnoven\u00ed Charity a charitativn\u00edch slu\u017eeb ve m\u011bst\u011b Paskov.<\/li>\n<\/ul>\n<h3>10. Paskovsk\u00fd z\u00e1mek a paskovsk\u00fd park<\/h3>\n<ul>\n<li>Pokra\u010dov\u00e1n\u00ed v oprav\u00e1ch a rekonstrukci paskovsk\u00e9ho z\u00e1mku s c\u00edlem p\u0159es\u00eddlen\u00ed M\u011bstsk\u00e9ho \u00fa\u0159adu, po\u0161ty, knihovny a ostatn\u00edch slu\u017eeb pro ob\u010dany &#8211; v\u0161e s bezbari\u00e9rov\u00fdm p\u0159\u00edstupem.<\/li>\n<li>Postupn\u00e9 zprovozn\u011bn\u00ed cel\u00e9ho z\u00e1meck\u00e9ho are\u00e1lu, v\u010d. vybudov\u00e1n\u00ed odpo\u010dinkov\u00e9 z\u00f3ny a l\u00e1vky p\u0159es Ole\u0161nou.<\/li>\n<\/ul>\n<h3>11. Podpora a roz\u0161\u00ed\u0159en\u00ed dopravn\u00ed obslu\u017enosti<\/h3>\n<ul>\n<li>Pokra\u010dov\u00e1n\u00ed v podpo\u0159e m\u00edstn\u00ed a linkov\u00e9 autobusov\u00e9 dopravy, z\u0159\u00edzen\u00ed slu\u017eby senior taxi.<\/li>\n<li>Roz\u0161\u00ed\u0159en\u00ed parkovac\u00edch m\u00edst na s\u00eddli\u0161t\u00edch a u mate\u0159sk\u00e9 \u0161kolky.<\/li>\n<li>Opravy ulic Kirilovova a U parku.<\/li>\n<li>Aktivn\u00ed jedn\u00e1n\u00ed o zru\u0161en\u00ed d\u00e1lni\u010dn\u00edho poplatku na rychlostn\u00ed silnici D56 (d\u00e1lnici).<\/li>\n<\/ul>\n<h2>\u00a0\u2026 a prosazovat a podporovat V\u0160ECHNY DOBR\u00c9 N\u00c1PADY A ZDRAV\u00dd ROZUM!!!<\/h2>\n","protected":false},"excerpt":{"rendered":"<p>1. Neust\u00e1le zlep\u0161ov\u00e1n\u00ed komunikace obce s ob\u010dany Roz\u0161i\u0159ov\u00e1n\u00ed modern\u00edch komunika\u010dn\u00edch kan\u00e1l\u016f. Podpora spolku PaskovNet a roz\u0161i\u0159ov\u00e1n\u00ed ve\u0159ejn\u00e9ho internetov\u00e9ho p\u0159ipojen\u00ed. Pokra\u010dov\u00e1n\u00ed ve finan\u010dn\u00edch darech ob\u010dan\u016fm ve vztahu k dani z nemovitost\u00ed. [&hellip;]<\/p>\n","protected":false},"author":1,"featured_media":0,"parent":0,"menu_order":0,"comment_status":"closed","ping_status":"closed","template":"","meta":[],"_links":{"self":[{"href":"http:\/\/zalepsiobec.eu\/index.php?rest_route=\/wp\/v2\/pages\/406"}],"collection":[{"href":"http:\/\/zalepsiobec.eu\/index.php?rest_route=\/wp\/v2\/pages"}],"about":[{"href":"http:\/\/zalepsiobec.eu\/index.php?rest_route=\/wp\/v2\/types\/page"}],"author":[{"embeddable":true,"href":"http:\/\/zalepsiobec.eu\/index.php?rest_route=\/wp\/v2\/users\/1"}],"replies":[{"embeddable":true,"href":"http:\/\/zalepsiobec.eu\/index.php?rest_route=%2Fwp%2Fv2%2Fcomments&post=406"}],"version-history":[{"count":10,"href":"http:\/\/zalepsiobec.eu\/index.php?rest_route=\/wp\/v2\/pages\/406\/revisions"}],"predecessor-version":[{"id":514,"href":"http:\/\/zalepsiobec.eu\/index.php?rest_route=\/wp\/v2\/pages\/406\/revisions\/514"}],"wp:attachment":[{"href":"http:\/\/zalepsiobec.eu\/index.php?rest_route=%2Fwp%2Fv2%2Fmedia&parent=406"}],"curies":[{"name":"wp","href":"https:\/\/api.w.org\/{rel}","templated":true}]}}